ppose r = -0 - 1, t*b + r - 189 = 0. List the prime factors of b.
5, 19
Let x(f) = f + 4. Let u be x(-4). Suppose 4*w - 2 = -2*t, -17 = -4*t + w - 4. Suppose u*j = j - t*o - 7, -j = -o - 5. List the prime factors of j.
2
Let t = 1029 + -716. List the prime factors of t.
313
Let w(f) be the first derivative of 34*f**3 + f**2 - 2*f + 9. Let q be w(1). What are the prime factors of (-5)/((-15)/q) - -3?
37
Let k(r) = 4*r**3 - r**2 - 5*r - 42. Let c(h) = -h**3 + h - 1. Let s(q) = -3*c(q) - k(q). List the prime factors of s(0).
3, 5
Let z(u) = -4*u**3 - 5*u**2 + 8*u. Let i be z(-5). Suppose i = 4*k + k. List the prime factors of k.
67
Suppose -26 = -3*n - i, -3*n + 32 = 4*i - 0*i. Suppose -n*o = -6*o - 156. List the prime factors of o.
2, 3, 13
List the prime factors of 5526/12 + 1/(-2).
2, 5, 23
What are the prime factors of 6457/5 + 430/(-1075)?
1291
Suppose -4*l - 2817 = -5*j - 0*j, 0 = -4*j + 2*l + 2250. What are the prime factors of j?
3, 11, 17
Let h = 11 - 6. Suppose 11*z - 943 = -107. Suppose c - h*d = -c + z, 4*d + 156 = 5*c. What are the prime factors of c?
2, 7
Let i(t) = 2*t**3 + 2*t**2 - t. Let a(j) = j**3 + 6*j**2 + 4*j. Let p be a(-5). Suppose 2*h + 3 = p*h. List the prime factors of i(h).
3
Suppose -2*j + 10 = 3*h + 14, 0 = 2*h - 4*j + 8. What are the prime factors of h/(4 + (-2 - 0)) - -7?
2, 3
Suppose -2*d + r - 9 = -2, 5*d - 2 = -4*r. Let q be 85/(-10) + 1/d. What are the prime factors of (-150)/q - (-2)/(-3)?
2
Suppose -4*l + 6 = -206. Suppose -2*h - 17 = -l. Suppose h = 3*d - 42. What are the prime factors of d?
2, 5
Let o be 2/(-8) + 18/8. Suppose o*n - 3 = n + 2*d, -5*n + 5*d = -40. Suppose 3*f - n = 59. List the prime factors of f.
2, 3
Suppose 3280 = 65*l - 61*l. Suppose 3*v - l = -5*w, 4 = 2*v - 6. What are the prime factors of w?
7, 23
Let r = -5 + 5. Suppose -4*p = -4*q - 14 - 14, -p - 2*q - 5 = r. Suppose -p*j + 27 + 51 = 0. List the prime factors of j.
2, 13
Suppose -5*c + 2 = -43. Let h(o) = -3*o + 23. Let f be h(7). Suppose 0 = f*y + c - 57. What are the prime factors of y?
2, 3
Let r = 2 + -2. Suppose -39 = -4*m + 1. Suppose r = 2*o - 2*a - 82, o - m - 34 = 2*a. List the prime factors of o.
2, 19
Let p = -124 + 355. List the prime factors of p.
3, 7, 11
Suppose -4*b + 12 = 0, -5*p - 2*b + 108 = -2*p. Let m = p - 64. What are the prime factors of m*(-1 + 3/9)?
2, 5
Let t(r) = -r**3 - r**2 + 4*r - 1. Let o be t(-3). Let n(y) = y**3 - 2*y**2 - 5*y - 4. List the prime factors of n(o).
2, 23
Let r = 99 + 28. Suppose 0 = 7*y - r - 426. What are the prime factors of y?
79
Let v(y) = -13*y + 3 + 24*y**2 + 18*y - 6*y**2. Let o be v(-3). Suppose 0 = -3*x + x + o. List the prime factors of x.
3, 5
What are the prime factors of 8/(-44) - 7002/(-33)?
2, 53
List the prime factors of 16*((-309)/(-2) + (-11 - -12)).
2, 311
Suppose -5 = 4*b - 13, -70 = -5*s - 5*b. Suppose 9*y = s*y - 72. List the prime factors of y.
2, 3
Suppose -5*m = 3*v + 19, 4*v = 4*m - 2 - 2. List the prime factors of 1 + -3 + (-195)/v.
3, 7
Let l = -20 - -24. Suppose -l*g = 5*g - 270. List the prime factors of g.
2, 3, 5
Let s = 8425 - 3392. What are the prime factors of s?
7, 719
Suppose 8*h - 17361 = -h. List the prime factors of h.
3, 643
Let b(k) = 0*k + 8*k**3 + 3 + k - k + 5*k. Let z be b(-3). What are the prime factors of (1 - -1)*z/(-24)?
19
Suppose 147 - 427 = -5*r. Let m be ((-1)/(-4))/(7/r). Suppose m*j = 6*j - 56. What are the prime factors of j?
2, 7
Suppose -5*o = -0*o - 2*a + 2, -3*o + 2*a + 2 = 0. Let n(c) = 12*c**2 - 4*c + 2. What are the prime factors of n(o)?
2, 29
Let y = 36 - 33. Suppose -y*a + 155 = a + 3*f, 160 = 5*a - 3*f. Let x = -27 + a. What are the prime factors of x?
2
Suppose 0 = 4*f - 0*f + r - 2733, -f = 3*r - 697. What are the prime factors of f?
2, 11, 31
Suppose 4*q - h = q + 1, 2*h = -q - 2. Suppose -5*t + 3*t + 200 = q. Suppose -5*y + y = -t. What are the prime factors of y?
5
Suppose 2 - 17 = -5*m. Suppose -2*d + 4*z = -106, m*d - 5*z = 2*d + 59. What are the prime factors of d?
7
Let u = 47 - 50. Suppose 6*x - 180 = 4*x. List the prime factors of (3/(-6))/(u/x).
3, 5
Suppose 0*z - 176 = 2*z. Suppose 6 = -2*y, -3*y + 151 = -8*v + 9*v. Let x = v + z. What are the prime factors of x?
2, 3
Let t = 72 - 67. Suppose -335 = -3*b + t*w, 5*w + 37 = b - 78. What are the prime factors of b?
2, 5, 11
Suppose 18 = 2*a - 3*a - 4*c, 5*a = -4*c - 10. Let i(g) = -g**3 + 10*g**2 - 13*g + 24. Let y be i(8). Suppose 26 + y = a*q. List the prime factors of q.
37
Suppose -2*s = -7*s - 25. Let k = s + 27. List the prime factors of k.
2, 11
Suppose -5264 = -4*k - 3*k. Suppose -6*v = 2*v - k. What are the prime factors of v?
2, 47
Suppose 2*j = -4*j + 210. Suppose -s = 5*q - 29, -4*q = -2*s + 23 + j. List the prime factors of s.
29
Suppose -4*a = -455 - 649. Suppose 0 = 13*q - 12*q - a. What are the prime factors of q?
2, 3, 23
Let n(b) = b**2 - 3*b + 2. Let t be n(3). Let a(x) = 3 + 12*x**t - 13*x + 2 + x**3 + 0 - 3. List the prime factors of a(-13).
2
Let i be (2 - 9) + 1 + 0. Let f be 43 + (i/(-3) - 6). Suppose -2*h + 5*x = -f, 4*h - x - 63 - 60 = 0. List the prime factors of h.
2
Let k(m) = -5*m + 7. Let v(w) = 4*w - 6. Let h(l) = 3*k(l) + 4*v(l). Let z be h(5). What are the prime factors of z/4 + 27/2?
2, 7
Let f(s) = s**3 - 11*s**2 + 11*s - 9. Let p be f(10). Let h(l) = -l - 1. Let o(d) = -7*d + 7. Let i(k) = p*o(k) + 3*h(k). List the prime factors of i(-5).
2, 3
Let r = 174 + -39. What are the prime factors of r?
3, 5
Suppose -n + 5*t + 538 = 0, -2*n + 4*t + 1326 = 256. What are the prime factors of n?
13, 41
Suppose 490 = 11*g - 1006. List the prime factors of g.
2, 17
Let o = 345 - 147. What are the prime factors of o?
2, 3, 11
Suppose -5*k = 2*y - 359, 2*y + 2*k = 4*y - 366. What are the prime factors of y?
2, 7, 13
Let o = 248 - -847. What are the prime factors of o?
3, 5, 73
Let k be (-17 + 1)/(13 + -15). Suppose k*g = 4*g - 32. Let y(j) = j**3 + 8*j**2 + 9. What are the prime factors of y(g)?
3
Let i be -2*1/2*-3. Suppose -5*g - 6 = 3*d, i*g = 2*d - 0*g - 15. Suppose d*m = 4*m - 16. What are the prime factors of m?
2
Let w = -7 + 6. Let t(i) = -i. Let z(l) = -8*l**2 + 6*l + 1. Let g(y) = -6*t(y) - z(y). What are the prime factors of g(w)?
7
Let c be ((-22)/(-6))/(12/36). Suppose s + 4 = 2*t, 3*t + 0*s + s - c = 0. List the prime factors of (1 - 19)/(-2)*t.
3
Let t(z) = -291*z - 733. List the prime factors of t(-12).
31, 89
Let h(q) = -74*q + 441. What are the prime factors of h(-4)?
11, 67
Let s = 2946 + -105. What are the prime factors of s?
3, 947
Let y(i) = -i**3 + 12*i**2 - i + 27. Let t be y(12). Let f = t + 140. List the prime factors of f.
5, 31
Suppose 0 = -4*o + 6 + 18. Let t(n) = -10*n - 7. Let h(f) = 6*f + 8. Let j(v) = -4*h(v) - 3*t(v). List the prime factors of j(o).
5
Let c(v) be the first derivative of 41*v**2 + 2*v + 45. List the prime factors of c(1).
2, 3, 7
Suppose 0*v - 158 = -2*v + 4*b, 3*b + 12 = 0. Let g = -20 - -58. Let o = v - g. List the prime factors of o.
3, 11
Suppose 4*j = -0*j + 16, -3*j + 3807 = 3*b. What are the prime factors of b?
5, 11, 23
Let b(a) = 2*a**3 - 8*a**2 + 2*a + 7. Let x be b(5). Let v = 140 - x. List the prime factors of v.
73
Suppose 9*j - 5*j - 1832 = 0. What are the prime factors of j?
2, 229
Suppose -5*l + 2496 = -l. What are the prime factors of l?
2, 3, 13
Suppose z - 5*f = 1399, -3*z + 4249 = -2*f - 0*f. What are the prime factors of z?
3, 11, 43
Suppose 2*i - 671 = -2*h + 7*h, 2*h - 2 = 0. What are the prime factors of i?
2, 13
Let h(m) = m**3 - 9*m**2 + 4*m + 9. Let l be 4/(-7) + -1 + (-81)/(-7). What are the prime factors of h(l)?
149
Suppose -4*r - 5 = 5*w + 2, 5 = 4*r + w. Let h be 1/r - (-2)/4. Let l = h - -20. List the prime factors of l.
3, 7
Suppose 2*k + 52 = 3*k. List the prime factors of k*(-1 - (-5)/4).
13
Let k(h) be the second derivative of -6*h + 0*h**2 + 0 + 17/12*h**4 + 1/6*h**3. List the prime factors of k(1).
2, 3
Let m(w) = 16*w**3 + w**2 - w + 4. Let f be m(3). Suppose -215 = 3*z + f. What are the prime factors of z/(-15) - 8/(-20)?
3, 5
List the prime factors of 228 - ((-1 - 4) + 1).
2, 29
Suppose -333 = -5*r + 2*g, 292 = 5*r - 4*g - 39. Let v = 136 - r. List the prime factors of v.
3, 23
Let p = 3 + -3. Suppose p = -5*y + 44 - 14. List the prime factor